 and x.
343
Let g(f) = -f**3 + 54*f**2 + 70*f - 162. Let x be g(55). What is the highest common divisor of 78 and x?
39
Suppose -45*h = -57*h + 1944. Suppose 3*x - 153 = 4*n + 59, 141 = 2*x - 3*n. What is the greatest common factor of h and x?
18
Let b(n) = n**2 + 4. Let j be b(-5). Let a = j - 26. Suppose -4*i + 7 = -5*q - a, q - 12 = -2*i. What is the highest common factor of 40 and i?
5
Let i = 220 - 218. Suppose 5*c = -3*z + 74, 0*c + 4*z = i*c - 14. Let b = 74 - -43. What is the highest common divisor of b and c?
13
Suppose -k = -5*k - 32. Let c be ((-5)/2 + 1)/(3/k). Suppose 2*q + 12 = 5*h, 0 = q - 6*q + c*h + 4. Calculate the highest common factor of q and 28.
4
Let h = 5379 + -3393. Suppose p - 7*p = h. Let k = p + 571. What is the greatest common factor of 48 and k?
48
Let k be ((-12)/48)/(((-15)/48)/5). Let d be (11 + -1)/(3/(246/k)). What is the highest common factor of 82 and d?
41
Let v(p) be the second derivative of -p**3/2 - 7*p**2 - 5*p. Let m be v(-16). What is the greatest common divisor of 357 and m?
17
Suppose 39 = 2*p - 41. Suppose 743*b + 400 = 783*b. Calculate the greatest common divisor of b and p.
10
Suppose i = w - 6, -14 = i - 3*w - 0*w. Let m(t) = t + 12. Let d be m(i). Suppose -p = 6*p - 70. Calculate the highest common factor of d and p.
10
Let l = -10184 + 10224. Calculate the highest common divisor of 648 and l.
8
Let o = 162 - 139. Suppose 19847 = -96*v + 66215. What is the highest common divisor of o and v?
23
Let y(x) = -20 - 22 - 10 + 2*x**2 + 16*x + 24. Let l be y(4). Calculate the highest common factor of l and 170.
34
Let z = 651 + -417. Let u = -196 + z. Calculate the greatest common divisor of 19 and u.
19
Suppose p + 266 = u - 168, -1277 = -3*u - 2*p. Suppose 79 = 2*x - n, -n - 2 = n. Calculate the greatest common divisor of u and x.
39
Suppose 0 = -59*v + 63*v - 404. Suppose 111 = -d + 5*q, -9*d + 5*q - 455 = -4*d. Let b = d + v. What is the greatest common divisor of b and 135?
15
Let l = 260 + -186. Suppose 0 = h - l + 59. Suppose -p = -23 + h. Calculate the greatest common divisor of 4 and p.
4
Let q(p) = -6*p + 2. Let x be q(8). Let o be (x/(-5))/(1*7/(-35)). Let n = o + 56. What is the greatest common factor of 4 and n?
2
Let t(p) = -2*p**3 - 33*p**2 + 13*p - 6. Let h be t(-17). Let o = 124 - h. Calculate the greatest common divisor of o and 155.
31
Let m = -30 - -54. Suppose -2*j - 4*p + 4 = -m, -2*j - 17 = -5*p. Suppose 2*d + 0*d = 5*r + 75, 183 = j*d + r. What is the highest common divisor of d and 30?
15
Let k be -10 + 11 - (-1 + (-196)/7). Calculate the highest common factor of k and 1720.
10
Let b be (-10)/(-15) + 7/3. Suppose -5*w + 7*u - 5*u + 77 = 0, 5*u = -b*w + 40. Calculate the greatest common factor of 9 and w.
3
Let u = -121 + 122. Let g be (u - 40)/(6 + -7). What is the highest common factor of 312 and g?
39
Let i(g) = -3*g**3 - 177*g - 17 + 4*g**2 + 4*g**3 + 178*g. Let w be i(-4). Let u = w + 31. Calculate the greatest common divisor of u and 40.
10
Let s be ((-4)/10)/(17/85) + 4. Suppose -3*l + 217 = -0*l - r, 70 = l + s*r. What is the greatest common divisor of 120 and l?
24
Let s(f) = -4*f**3 + 222*f**2 + 6*f + 5. Let d be s(-6). Calculate the highest common divisor of 100 and d.
25
Suppose 2 = c - 17. Let k = -16 + c. Suppose -122 = -5*q + d, -k*d - 66 = q - 4*q. Calculate the highest common divisor of 125 and q.
25
Let s be (-5)/(-55) + (259406/77 - 9). Calculate the greatest common factor of 126 and s.
42
Let i = -327 - -375. Suppose 554*q - 558*q = -i. Suppose 0 = 5*z - 2 - 18. What is the highest common factor of q and z?
4
Let w(y) = y**2 + 19*y - 871. Let n be w(23). Calculate the highest common divisor of 779 and n.
19
Let t be ((-45)/(-9))/((-1)/(-2)). Let n be t/(-55) - (-4240)/88. Calculate the greatest common factor of 12 and n.
12
Let l = 200050 + -200023. Let g = 2 + 7. Calculate the greatest common factor of g and l.
9
Let c(k) = k**3 + 3*k**2 - k - 3. Let i be c(-3). Suppose i*j = 2*j + 70. Let g = -29 - j. Calculate the greatest common divisor of g and 24.
6
Let p be (-8)/28 - (-522)/14 - (-1195)/(-239). Calculate the greatest common factor of 19904 and p.
32
Suppose -11 = -5*a - 6. Let d be (-46)/(-4) + a/2. Let j = 2197 + -2196. What is the highest common divisor of d and j?
1
Suppose 0*p - 64 = -t - 2*p, -195 = -3*t - 3*p. Suppose -b - 18 = -3*l - t, 4*b + 2*l = 262. What is the highest common divisor of b and 63?
63
Let i = 56 + -31. Suppose -8*d = -13*d + i. Suppose -d*f + 7 = -3*c + 738, -2*c = -f - 499. What is the highest common divisor of 28 and c?
28
Let z(n) = -n**2 - 14*n + 426. Let d be z(-24). What is the highest common divisor of d and 1767?
93
Let p be ((-79 + 13)*10/6)/(-1). Let n = p + -188. Let q = n + 129. Calculate the greatest common divisor of 255 and q.
51
Suppose 29*d - 37168 = -17*d. What is the highest common divisor of 8 and d?
8
Let c be (10/(-9))/((-95)/114)*(1063 - -47). What is the highest common factor of 2320 and c?
40
Let h be 660/924 - 3910/(-14). What is the highest common divisor of h and 64?
8
Suppose 0 - 4 = -2*i. Suppose -i*h = 2*h - 164. Suppose -3*r = -6, -3*r + 25 = j - h. What is the highest common factor of 24 and j?
12
Suppose 7*o - 530 = 625. Suppose -696 = -7*f - f. Suppose f = 5*v + 12. Calculate the highest common divisor of v and o.
15
Let l(p) = p**2 + 70*p + 828. Let y be l(-15). What is the greatest common factor of y and 103?
1
Let f be (-4256)/(-912)*1/(7/108). Let s(k) = k**2 + k - 2. Let g be s(-3). Calculate the highest common factor of g and f.
4
Suppose -14*c - 26*c - 30690 = -46*c. What is the greatest common divisor of c and 660?
165
Suppose -76*i = 23*i - 6631 + 394. Suppose 3*b = 13 + 8. What is the greatest common divisor of i and b?
7
Let q = 481 + -474. Suppose -419 - 876 = -q*z. Calculate the highest common factor of z and 5.
5
Suppose -3*b + 0*b = 0. Suppose -9*j - 1890 = -b*j. Let g = -134 - j. Calculate the greatest common factor of 19 and g.
19
Let p(z) = -7*z**2 + 7*z + 15. Let g(q) = 13*q**2 - 15*q - 29. Let i(d) = 4*g(d) + 7*p(d). Let r be i(-1). What is the highest common divisor of r and 159?
3
Suppose -2*h + 489 = 433. Suppose 7*n + 453 = t + 8*n, -3*t = n - 1349. What is the greatest common factor of h and t?
28
Suppose -r - 3*j = -377, 0 = -819*r + 823*r - 2*j - 1480. Calculate the highest common divisor of 477 and r.
53
Let b be (-3 - -13 - (1 - -10))/((-1)/1273). Calculate the highest common factor of 134 and b.
67
Suppose -4 = 10*g - 9*g. Suppose -9 = v - 2*r, -4*v - 38 = -5*r - 8. Let f = g - v. Calculate the highest common divisor of 2 and f.
1
Let z be (-309760)/(-50) + 3 + (-32)/10. Calculate the greatest common factor of z and 105.
105
Suppose 5*r - r - 3*c - 2380 = 0, -5*r = 3*c - 3002. What is the highest common divisor of 5681 and r?
299
Let b be (-618)/(-9) + 1/3. Let c(j) = -3*j**3 - 20*j**2 + 20*j - 27. Let v be c(-8). Calculate the greatest common factor of b and v.
69
Let w(i) = -48*i + 2512. Let l be w(45). Calculate the greatest common factor of l and 39072.
352
Suppose -58*m + 1159 + 175 = 0. Suppose -285 = -2*k + 83. What is the highest common divisor of k and m?
23
Let v(s) = 43*s**3 + s**2 - 18*s + 134. Let o be v(4). What is the highest common factor of o and 15?
5
Let r be 3663140/73 + (-6 - -2 - -3). Calculate the greatest common factor of r and 139.
139
Suppose -v + 127 = 46*v - 61. Let u(k) = -k. Suppose 4*q = 5*h + 46, 0 = 6*q - 2*q - 16. Let m be u(h). Calculate the greatest common divisor of m and v.
2
Suppose -1 = -4*t + 3*t + x, 4 = 4*t - 5*x. Let v be 11*10 + 1/t. Let w be ((-37)/7)/((-313)/4382). What is the greatest common factor of w and v?
37
Let i be 68 - (20/(-16))/((-6)/24). Suppose -4*w - 692 = -4*k, 0*k - 3*k + 5*w = -529. Calculate the greatest common divisor of i and k.
21
Let b = 21875 + -6532. Calculate the highest common factor of 67 and b.
67
Let h(r) = 20*r + 300. Let o be h(-13). Let t = -140 + 330. Calculate the highest common factor of t and o.
10
Let n(s) = -1426*s**3 - 2*s**2 - 173*s - 172. Let k be n(-1). Calculate the greatest common divisor of k and 325.
25
Suppose 14*g - 50 = 300. What is the highest common factor of 305 and g?
5
Suppose -t + 3*v = -2*v + 7, -v = t - 5. Let n be 365/(-292) - (385/(-4) - -2). What is th